{"id":3907,"date":"2022-03-09T13:29:38","date_gmt":"2022-03-09T12:29:38","guid":{"rendered":"https:\/\/babercottage.hu\/?page_id=3907"},"modified":"2025-04-06T23:46:18","modified_gmt":"2025-04-06T21:46:18","slug":"gyik","status":"publish","type":"page","link":"https:\/\/babercottage.hu\/?page_id=3907","title":{"rendered":"Gyakran ism\u00e9telt k\u00e9rd\u00e9sek"},"content":{"rendered":"<div class=\"wpb-content-wrapper\"><p>[vc_row][vc_column][vc_column_text]<div class=\"easy-faqs-wrapper easy-faqs-theme-default_style\"><div class=\"easy-faq\" id=\"easy-faq-3913\"><h3 class=\"easy-faq-title\" style=\"font-family: 'Libre Baskerville'; font-size: 22px; color: #000000; font-style: normal; font-weight: bold;\"><span class=\"easy-faqs-title-before\"><\/span><span class=\"easy-faqs-title-text\">A korona v\u00edrus miatti int\u00e9zked\u00e9seink:<\/span><span class=\"easy-faqs-title-after\"><\/span><\/h3> <div class=\"easy-faq-body\" style=\"font-family: 'Libre Baskerville'; font-size: 14px; color: #000000; font-style: normal; font-weight: normal;\"><p>A vend\u00e9gh\u00e1zban minden vend\u00e9g t\u00e1voz\u00e1sa ut\u00e1n a fel\u00fcleteket \u00e9s konyhai eszk\u00f6z\u00f6ket fert\u0151tlen\u00edt\u0151szerrel tiszt\u00edtjuk meg. A mosogat\u00f3szert \u00e9s k\u00e9zmos\u00f3 szappant is fert\u0151tlen\u00edt\u0151szeresre cser\u00e9lt\u00fck. A jakuzzi viz\u00e9t \u2013 mint eddig is, most is \u2013 minden vend\u00e9gv\u00e1lt\u00e1sn\u00e1l lecser\u00e9lj\u00fck, \u00e9s kl\u00f3ros fert\u0151tlen\u00edt\u0151 szert alkalmazunk a v\u00edz kezel\u00e9s\u00e9re.<\/p>\n <\/div><\/div><div class=\"easy-faq\" id=\"easy-faq-3916\"><h3 class=\"easy-faq-title\" style=\"font-family: 'Libre Baskerville'; font-size: 22px; color: #000000; font-style: normal; font-weight: bold;\"><span class=\"easy-faqs-title-before\"><\/span><span class=\"easy-faqs-title-text\">Mikor lehet \u00e9rkezni?<\/span><span class=\"easy-faqs-title-after\"><\/span><\/h3> <div class=\"easy-faq-body\" style=\"font-family: 'Libre Baskerville'; font-size: 14px; color: #000000; font-style: normal; font-weight: normal;\"><p>A vend\u00e9gh\u00e1zat az \u00e9rkez\u00e9snapj\u00e1n 14:00 \u00e9s 18:00 \u00f3ra k\u00f6z\u00f6tt foglalhatod el. Vend\u00e9gh\u00e1zunk nem rendelkezik \u00e1lland\u00f3 recepci\u00f3szolg\u00e1lattal, \u00edgy k\u00e9rj\u00fck \u00e9rkez\u00e9sedet legal\u00e1bb 30 perccel azt megel\u0151z\u0151en jelezd a sz\u00e1ll\u00e1sgondnokn\u00e1l. (Telefon: +36 30\u00a0147 7077). Esetleges k\u00e9sei \u00e9rkez\u00e9sedet k\u00e9rj\u00fck szint\u00e9n el\u0151re jelezd.<\/p>\n <\/div><\/div><div class=\"easy-faq\" id=\"easy-faq-3917\"><h3 class=\"easy-faq-title\" style=\"font-family: 'Libre Baskerville'; font-size: 22px; color: #000000; font-style: normal; font-weight: bold;\"><span class=\"easy-faqs-title-before\"><\/span><span class=\"easy-faqs-title-text\">Meddig kell elhagyni a vend\u00e9gh\u00e1zat?<\/span><span class=\"easy-faqs-title-after\"><\/span><\/h3> <div class=\"easy-faq-body\" style=\"font-family: 'Libre Baskerville'; font-size: 14px; color: #000000; font-style: normal; font-weight: normal;\"><p>T\u00e1voz\u00e1sod napj\u00e1n 10:00 \u00f3r\u00e1ig kell elhagynod a vend\u00e9gh\u00e1zat.<\/p>\n <\/div><\/div><div class=\"easy-faq\" id=\"easy-faq-3918\"><h3 class=\"easy-faq-title\" style=\"font-family: 'Libre Baskerville'; font-size: 22px; color: #000000; font-style: normal; font-weight: bold;\"><span class=\"easy-faqs-title-before\"><\/span><span class=\"easy-faqs-title-text\">Hogyan tudok foglalni?<\/span><span class=\"easy-faqs-title-after\"><\/span><\/h3> <div class=\"easy-faq-body\" style=\"font-family: 'Libre Baskerville'; font-size: 14px; color: #000000; font-style: normal; font-weight: normal;\"><p>A foglal\u00e1si ig\u00e9nyt a Foglal\u00e1s men\u00fcpontunkban lehets\u00e9ges jelezni, a d\u00e1tum \u00e9s a vend\u00e9gek sz\u00e1m\u00e1nak megad\u00e1s\u00e1val.<\/p>\n <\/div><\/div><div class=\"easy-faq\" id=\"easy-faq-3919\"><h3 class=\"easy-faq-title\" style=\"font-family: 'Libre Baskerville'; font-size: 22px; color: #000000; font-style: normal; font-weight: bold;\"><span class=\"easy-faqs-title-before\"><\/span><span class=\"easy-faqs-title-text\">Foglal\u00e1s lemond\u00e1s\u00e1nak felt\u00e9telei?<\/span><span class=\"easy-faqs-title-after\"><\/span><\/h3> <div class=\"easy-faq-body\" style=\"font-family: 'Libre Baskerville'; font-size: 14px; color: #000000; font-style: normal; font-weight: normal;\"><h4><em><strong>Covid-19 idej\u00e9n a lefoglalt sz\u00e1ll\u00e1s eset\u00e9ben<\/strong><\/em><\/h4>\n<p>Amennyiben az utaz\u00e1s id\u0151szak\u00e1ra olyan hat\u00f3s\u00e1gi korl\u00e1toz\u00e1s l\u00e9pne \u00e9rv\u00e9nybe, amely megakad\u00e1lyozn\u00e1 az utaz\u00e1s megval\u00f3sul\u00e1s\u00e1t, az el\u0151leget visszautaljuk, vagy el\u0151zetes \u00edr\u00e1sos egyeztet\u00e9s alapj\u00e1n az el\u0151leg egy m\u00e1sik\/k\u00e9s\u0151bbi id\u0151pontra t\u00f6rt\u00e9nt sz\u00e1ll\u00e1sfoglal\u00e1s eset\u00e9n felhaszn\u00e1lhat\u00f3.<\/p>\n<p>Amennyiben az utaz\u00e1s id\u0151szak\u00e1t hat\u00f3s\u00e1gi korl\u00e1toz\u00e1s nem \u00e9rinti, az \u00e1ltal\u00e1nos szerz\u0151d\u00e9si felt\u00e9teleinkben foglalt felt\u00e9telek a m\u00e9rvad\u00f3ak az el\u0151leg visszautal\u00e1s\u00e1val kapcsolatban.<\/p>\n<p>Amennyiben a hat\u00e1lyos korm\u00e1nyrendelet alapj\u00e1n a sz\u00e1ll\u00e1shely csak v\u00e9detts\u00e9gi igazolv\u00e1nnyal foglalhat\u00f3 el, \u00e9s valamelyik vend\u00e9g nem rendelkezik ezzel az igazolv\u00e1nnyal, azt a vend\u00e9get sajnos nem \u00e1ll m\u00f3dunkban fogadni. Amennyiben a t\u00f6bbi vend\u00e9g rendelkezik ezzel az igazolv\u00e1nnyal, \u00e9s ezt el\u0151zetesen r\u00e9sz\u00fcnkre be is mutatj\u00e1k (7 nappal a sz\u00e1ll\u00e1shely elfoglal\u00e1sa el\u0151tt, emailben, k\u00e9pes \u00fczenetben, stb.), \u0151k elfoglalhatj\u00e1k a sz\u00e1ll\u00e1st.<\/p>\n<p>Amennyiben a v\u00e9detts\u00e9gi igazolv\u00e1nnyal bizonyosan nem rendelkeznek majd a sz\u00e1ll\u00e1shelyre \u00e9rkez\u00e9skor, \u00e9s az igazolv\u00e1ny hi\u00e1nya miatt nem tudjuk \u00f6n\u00f6ket fogadni, akkor az \u00e9rkez\u00e9s el\u0151tt legk\u00e9s\u0151bb 7 nappal a foglal\u00e1suk t\u00f6rl\u00e9sre ker\u00fcl, a kor\u00e1bban befizetett foglal\u00f3t pedig visszat\u00e9r\u00edtj\u00fck.<\/p>\n<h4><em><strong>Amennyiben a Szolg\u00e1ltat\u00f3 aj\u00e1nlat\u00e1ban m\u00e1s felt\u00e9telt nem hat\u00e1rozott meg, az \u00e1ltal\u00e1nos lemond\u00e1si \u00e9s m\u00f3dos\u00edt\u00e1si felt\u00e9telek a k\u00f6vetkez\u0151k:<\/strong><\/em><\/h4>\n<p>Az \u00e9rkez\u00e9s el\u0151tti legal\u00e1bb 30 nappal visszamondott sz\u00e1ll\u00e1sfoglal\u00e1s eset\u00e9n az el\u0151leg (a vend\u00e9gh\u00e1z 1 \u00e9jszaka \u00e1r\u00e1nak megfelel\u0151 \u00f6sszeg) teljes \u00f6sszeg\u00e9t visszautaljuk a sz\u00e1ll\u00e1sfoglal\u00f3 \u00e1ltal e-mailben hozz\u00e1nk eljuttatott banksz\u00e1ml\u00e1ra.<\/p>\n<p>Az \u00e9rkez\u00e9s el\u0151tti 29-8 napon bel\u00fcli visszamond\u00e1s eset\u00e9n az el\u0151leg 50%-\u00e1t utaljuk vissza a sz\u00e1ll\u00e1sfoglal\u00f3 \u00e1ltal e-mailben megadott banksz\u00e1ml\u00e1ra.<\/p>\n<p>Az \u00e9rkez\u00e9s el\u0151tti 7 napon bel\u00fcli el\u00e1ll\u00e1s eset\u00e9n az el\u0151leg nem ker\u00fcl visszautal\u00e1sra, de vis major eset\u00e9n (el\u0151zetes \u00edr\u00e1sos egyeztet\u00e9s alapj\u00e1n) szabad kapacit\u00e1s f\u00fcggv\u00e9ny\u00e9ben a foglal\u00f3 felhaszn\u00e1lhat\u00f3 egy k\u00e9s\u0151bbi foglal\u00e1sn\u00e1l.<\/p>\n<p>Amennyiben a vend\u00e9gek megszak\u00edtj\u00e1k az eredetileg tervezett tart\u00f3zkod\u00e1st, a kor\u00e1bban elutalt el\u0151legb\u0151l vagy az \u00e9rkez\u00e9skor kifizetett teljes sz\u00e1ll\u00e1sd\u00edjb\u00f3l visszat\u00e9r\u00edt\u00e9s nem j\u00e1r.<\/p>\n<p>A foglal\u00e1s lemond\u00e1sa minden esetben \u00edr\u00e1sban kell, hogy megt\u00f6rt\u00e9njen a kapcsolat@babercottage.hu e-mail c\u00edmen.<\/p>\n <\/div><\/div><div class=\"easy-faq\" id=\"easy-faq-3922\"><h3 class=\"easy-faq-title\" style=\"font-family: 'Libre Baskerville'; font-size: 22px; color: #000000; font-style: normal; font-weight: bold;\"><span class=\"easy-faqs-title-before\"><\/span><span class=\"easy-faqs-title-text\">Van minimum foglal\u00e1si id\u0151?<\/span><span class=\"easy-faqs-title-after\"><\/span><\/h3> <div class=\"easy-faq-body\" style=\"font-family: 'Libre Baskerville'; font-size: 14px; color: #000000; font-style: normal; font-weight: normal;\"><p>Igen, f\u0151szezonban (j\u00fanius 18 -augusztus 31) a minimum foglal\u00e1si id\u0151 4 \u00e9jszaka. Az \u00e9v t\u00f6bbi r\u00e9sz\u00e9ben 2 \u00e9jszaka.<\/p>\n <\/div><\/div><div class=\"easy-faq\" id=\"easy-faq-3923\"><h3 class=\"easy-faq-title\" style=\"font-family: 'Libre Baskerville'; font-size: 22px; color: #000000; font-style: normal; font-weight: bold;\"><span class=\"easy-faqs-title-before\"><\/span><span class=\"easy-faqs-title-text\">Lehet-e SZ\u00c9P k\u00e1rty\u00e1val fizetni?<\/span><span class=\"easy-faqs-title-after\"><\/span><\/h3> <div class=\"easy-faq-body\" style=\"font-family: 'Libre Baskerville'; font-size: 14px; color: #000000; font-style: normal; font-weight: normal;\"><p>Jelenleg az OTP, MKB \u00e9s K&amp;H SZ\u00c9P k\u00e1rtya weboldal\u00e1n kereszt\u00fcl lehets\u00e9ges a fizet\u00e9s. A SZ\u00c9P k\u00e1rty\u00e1s fizet\u00e9s menet\u00e9t <a href=\"https:\/\/babercottage.hu\/?page_id=4070\">ezen<\/a> az oldalon tal\u00e1lod meg.<\/p>\n <\/div><\/div><div class=\"easy-faq\" id=\"easy-faq-3924\"><h3 class=\"easy-faq-title\" style=\"font-family: 'Libre Baskerville'; font-size: 22px; color: #000000; font-style: normal; font-weight: bold;\"><span class=\"easy-faqs-title-before\"><\/span><span class=\"easy-faqs-title-text\">H\u00e1ny \u00e9ves kort\u00f3l fogadnak vend\u00e9geket?<\/span><span class=\"easy-faqs-title-after\"><\/span><\/h3> <div class=\"easy-faq-body\" style=\"font-family: 'Libre Baskerville'; font-size: 14px; color: #000000; font-style: normal; font-weight: normal;\"><p>Vend\u00e9gh\u00e1zunkat gyermekek 8 \u00e9ves kort\u00f3l, sz\u00fcl\u0151i k\u00eds\u00e9rettel l\u00e1togathatj\u00e1k, meg\u00e9rt\u00e9sedet el\u0151re is k\u00f6sz\u00f6nj\u00fck.<\/p>\n <\/div><\/div><div class=\"easy-faq\" id=\"easy-faq-3925\"><h3 class=\"easy-faq-title\" style=\"font-family: 'Libre Baskerville'; font-size: 22px; color: #000000; font-style: normal; font-weight: bold;\"><span class=\"easy-faqs-title-before\"><\/span><span class=\"easy-faqs-title-text\">Lehet-e kis\u00e1llatot vinni a vend\u00e9gh\u00e1zba?<\/span><span class=\"easy-faqs-title-after\"><\/span><\/h3> <div class=\"easy-faq-body\" style=\"font-family: 'Libre Baskerville'; font-size: 14px; color: #000000; font-style: normal; font-weight: normal;\"><p>Vend\u00e9gh\u00e1zunkba \u00e9s annak ter\u00fclet\u00e9re h\u00e1zi\u00e1llat nem hozhat\u00f3 be, meg\u00e9rt\u00e9sedet el\u0151re is k\u00f6sz\u00f6nj\u00fck!<\/p>\n <\/div><\/div><div class=\"easy-faq\" id=\"easy-faq-3926\"><h3 class=\"easy-faq-title\" style=\"font-family: 'Libre Baskerville'; font-size: 22px; color: #000000; font-style: normal; font-weight: bold;\"><span class=\"easy-faqs-title-before\"><\/span><span class=\"easy-faqs-title-text\">Mi\u00e9rt csak el\u0151reutal\u00e1ssal tudok fizetni?<\/span><span class=\"easy-faqs-title-after\"><\/span><\/h3> <div class=\"easy-faq-body\" style=\"font-family: 'Libre Baskerville'; font-size: 14px; color: #000000; font-style: normal; font-weight: normal;\"><p>Gyors \u00e9s biztons\u00e1gos. A foglal\u00e1sod \u00edgy a lehet\u0151 leghamarabb ker\u00fcl rendez\u00e9sre.<\/p>\n <\/div><\/div><div class=\"easy-faq\" id=\"easy-faq-3927\"><h3 class=\"easy-faq-title\" style=\"font-family: 'Libre Baskerville'; font-size: 22px; color: #000000; font-style: normal; font-weight: bold;\"><span class=\"easy-faqs-title-before\"><\/span><span class=\"easy-faqs-title-text\">Van lehet\u0151s\u00e9g a helysz\u00edni fizet\u00e9sre?<\/span><span class=\"easy-faqs-title-after\"><\/span><\/h3> <div class=\"easy-faq-body\" style=\"font-family: 'Libre Baskerville'; font-size: 14px; color: #000000; font-style: normal; font-weight: normal;\"><p>A helysz\u00ednen a kulcs \u00e1tv\u00e9tel\u00e9re van lehet\u0151s\u00e9g, fizet\u00e9sre nincs. A vend\u00e9gnek a sz\u00e1ll\u00e1sad\u00f3 fel\u00e9 a teljes (100 %) ellen\u00e9rt\u00e9ket legk\u00e9s\u0151bb az ig\u00e9nybev\u00e9tel megkezd\u00e9se (\u00e9rkez\u00e9s) el\u0151tti napon 14 \u00f3r\u00e1ig kell rendeznie.<\/p>\n <\/div><\/div><div class=\"easy-faq\" id=\"easy-faq-3928\"><h3 class=\"easy-faq-title\" style=\"font-family: 'Libre Baskerville'; font-size: 22px; color: #000000; font-style: normal; font-weight: bold;\"><span class=\"easy-faqs-title-before\"><\/span><span class=\"easy-faqs-title-text\">Az \u00e1r tartalmazza az idegenforgalmi ad\u00f3t?<\/span><span class=\"easy-faqs-title-after\"><\/span><\/h3> <div class=\"easy-faq-body\" style=\"font-family: 'Libre Baskerville'; font-size: 14px; color: #000000; font-style: normal; font-weight: normal;\"><p>Az \u00e1r nem foglalja mag\u00e1ba a 18 \u00e9v felett fizetend\u0151 530 Ft\/f\u0151\/\u00e9j idegenforgalmi ad\u00f3t. Az idegenforgalmi ad\u00f3 a helysz\u00ednen fizetend\u0151.<\/p>\n <\/div><\/div><div class=\"easy-faq\" id=\"easy-faq-3929\"><h3 class=\"easy-faq-title\" style=\"font-family: 'Libre Baskerville'; font-size: 22px; color: #000000; font-style: normal; font-weight: bold;\"><span class=\"easy-faqs-title-before\"><\/span><span class=\"easy-faqs-title-text\">T\u00e9len is m\u0171k\u00f6dik a jakuzzi?<\/span><span class=\"easy-faqs-title-after\"><\/span><\/h3> <div class=\"easy-faq-body\" style=\"font-family: 'Libre Baskerville'; font-size: 14px; color: #000000; font-style: normal; font-weight: normal;\"><p>Igen, a pezsg\u0151medence eg\u00e9sz \u00e9vben 36-38\u00b0C fokon \u00fczemelnek.<\/p>\n <\/div><\/div><div class=\"easy-faq\" id=\"easy-faq-3930\"><h3 class=\"easy-faq-title\" style=\"font-family: 'Libre Baskerville'; font-size: 22px; color: #000000; font-style: normal; font-weight: bold;\"><span class=\"easy-faqs-title-before\"><\/span><span class=\"easy-faqs-title-text\">Ingyenes a parkol\u00e1s?<\/span><span class=\"easy-faqs-title-after\"><\/span><\/h3> <div class=\"easy-faq-body\" style=\"font-family: 'Libre Baskerville'; font-size: 14px; color: #000000; font-style: normal; font-weight: normal;\"><p>A vend\u00e9gh\u00e1zunk kett\u0151, szabadt\u00e9ri parkol\u00f3hellyel rendelkezik a kertben, k\u00e9rj\u00fck, hogy lehet\u0151s\u00e9g szerint ezt haszn\u00e1lj\u00e1tok, ne a h\u00e1z el\u0151tt parkoljatok.<\/p>\n <\/div><\/div><div class=\"easy-faq\" id=\"easy-faq-3931\"><h3 class=\"easy-faq-title\" style=\"font-family: 'Libre Baskerville'; font-size: 22px; color: #000000; font-style: normal; font-weight: bold;\"><span class=\"easy-faqs-title-before\"><\/span><span class=\"easy-faqs-title-text\">Elektromos aut\u00f3 t\u00f6lthet\u0151?<\/span><span class=\"easy-faqs-title-after\"><\/span><\/h3> <div class=\"easy-faq-body\" style=\"font-family: 'Libre Baskerville'; font-size: 14px; color: #000000; font-style: normal; font-weight: normal;\"><p>Elektromos aut\u00f3 sz\u00e1m\u00e1ra a parkol\u00f3ban t\u00f6lt\u00e9si lehet\u0151s\u00e9get alak\u00edtottunk ki.<\/p>\n <\/div><\/div><div class=\"easy-faq\" id=\"easy-faq-3932\"><h3 class=\"easy-faq-title\" style=\"font-family: 'Libre Baskerville'; font-size: 22px; color: #000000; font-style: normal; font-weight: bold;\"><span class=\"easy-faqs-title-before\"><\/span><span class=\"easy-faqs-title-text\">Van mos\u00f3g\u00e9p a Vend\u00e9gh\u00e1zban?<\/span><span class=\"easy-faqs-title-after\"><\/span><\/h3> <div class=\"easy-faq-body\" style=\"font-family: 'Libre Baskerville'; font-size: 14px; color: #000000; font-style: normal; font-weight: normal;\"><p>Igen.<\/p>\n <\/div><\/div><div class=\"easy-faq\" id=\"easy-faq-3933\"><h3 class=\"easy-faq-title\" style=\"font-family: 'Libre Baskerville'; font-size: 22px; color: #000000; font-style: normal; font-weight: bold;\"><span class=\"easy-faqs-title-before\"><\/span><span class=\"easy-faqs-title-text\">Van f\u0171t\u00e9s \u00e9s l\u00e9gkondicion\u00e1l\u00f3 a vend\u00e9gh\u00e1zban?<\/span><span class=\"easy-faqs-title-after\"><\/span><\/h3> <div class=\"easy-faq-body\" style=\"font-family: 'Libre Baskerville'; font-size: 14px; color: #000000; font-style: normal; font-weight: normal;\"><p>A h\u00e1zban k\u00f6zponti f\u0171t\u00e9s \u00e9s l\u00e9gkondicion\u00e1l\u00f3 is tal\u00e1lhat\u00f3.<\/p>\n <\/div><\/div><div class=\"easy-faq\" id=\"easy-faq-3934\"><h3 class=\"easy-faq-title\" style=\"font-family: 'Libre Baskerville'; font-size: 22px; color: #000000; font-style: normal; font-weight: bold;\"><span class=\"easy-faqs-title-before\"><\/span><span class=\"easy-faqs-title-text\">Van vasal\u00f3 \u00e9s vasal\u00f3deszka a Vend\u00e9gh\u00e1zban?<\/span><span class=\"easy-faqs-title-after\"><\/span><\/h3> <div class=\"easy-faq-body\" style=\"font-family: 'Libre Baskerville'; font-size: 14px; color: #000000; font-style: normal; font-weight: normal;\"><p>Igen, mindkett\u0151.<\/p>\n <\/div><\/div><div class=\"easy-faq\" id=\"easy-faq-3935\"><h3 class=\"easy-faq-title\" style=\"font-family: 'Libre Baskerville'; font-size: 22px; color: #000000; font-style: normal; font-weight: bold;\"><span class=\"easy-faqs-title-before\"><\/span><span class=\"easy-faqs-title-text\">Van bolt \u00e9s \u00e9tterem a k\u00f6zelben?<\/span><span class=\"easy-faqs-title-after\"><\/span><\/h3> <div class=\"easy-faq-body\" style=\"font-family: 'Libre Baskerville'; font-size: 14px; color: #000000; font-style: normal; font-weight: normal;\"><p>Igen, a Bab\u00e9r Cottage vend\u00e9gh\u00e1zunk Tihany k\u00f6zpontj\u00e1ban tal\u00e1lhat\u00f3. A COOP k\u00f6z\u00e9rt 80 m\u00e9ter t\u00e1vols\u00e1gra, a M\u00e1dl Ferenc t\u00e9r pedig 50 m t\u00e1vols\u00e1gra van, ahol k\u00fcl\u00f6nb\u00f6z\u0151 \u00e9ttermek, reggeliz\u0151k, cukr\u00e1szd\u00e1k stb. v\u00e1rnak.<\/p>\n <\/div><\/div><div class=\"easy-faq\" id=\"easy-faq-3936\"><h3 class=\"easy-faq-title\" style=\"font-family: 'Libre Baskerville'; font-size: 22px; color: #000000; font-style: normal; font-weight: bold;\"><span class=\"easy-faqs-title-before\"><\/span><span class=\"easy-faqs-title-text\">Van valamilyen szab\u00e1lyzat amit be kell tartanom ha a Bab\u00e9r Cottage-ba megyek?<\/span><span class=\"easy-faqs-title-after\"><\/span><\/h3> <div class=\"easy-faq-body\" style=\"font-family: 'Libre Baskerville'; font-size: 14px; color: #000000; font-style: normal; font-weight: normal;\"><p><strong>Igen, <\/strong>Kattints <a href=\"https:\/\/babercottage.hu\/?page_id=3938\">ide<\/a> a\u00a0H\u00e1zirend\u00a0elolvas\u00e1s\u00e1hoz.<\/p>\n <\/div><\/div><\/div>[\/vc_column_text][vc_column_text][\/vc_column_text][\/vc_column][\/vc_row][vc_row][vc_column][vc_column_text][\/vc_column_text][\/vc_column][\/vc_row]<\/p>\n<\/div>","protected":false},"excerpt":{"rendered":"<p>[vc_row][vc_column][vc_column_text][\/vc_column_text][vc_column_text][\/vc_column_text][\/vc_column][\/vc_row][vc_row][vc_column][vc_column_text][\/vc_column_text][\/vc_column][\/vc_row]<\/p>\n","protected":false},"author":1,"featured_media":0,"parent":0,"menu_order":0,"comment_status":"closed","ping_status":"closed","template":"","meta":{"footnotes":""},"class_list":["post-3907","page","type-page","status-publish","hentry"],"_links":{"self":[{"href":"https:\/\/babercottage.hu\/index.php?rest_route=\/wp\/v2\/pages\/3907","targetHints":{"allow":["GET"]}}],"collection":[{"href":"https:\/\/babercottage.hu\/index.php?rest_route=\/wp\/v2\/pages"}],"about":[{"href":"https:\/\/babercottage.hu\/index.php?rest_route=\/wp\/v2\/types\/page"}],"author":[{"embeddable":true,"href":"https:\/\/babercottage.hu\/index.php?rest_route=\/wp\/v2\/users\/1"}],"replies":[{"embeddable":true,"href":"https:\/\/babercottage.hu\/index.php?rest_route=%2Fwp%2Fv2%2Fcomments&post=3907"}],"version-history":[{"count":7,"href":"https:\/\/babercottage.hu\/index.php?rest_route=\/wp\/v2\/pages\/3907\/revisions"}],"predecessor-version":[{"id":4166,"href":"https:\/\/babercottage.hu\/index.php?rest_route=\/wp\/v2\/pages\/3907\/revisions\/4166"}],"wp:attachment":[{"href":"https:\/\/babercottage.hu\/index.php?rest_route=%2Fwp%2Fv2%2Fmedia&parent=3907"}],"curies":[{"name":"wp","href":"https:\/\/api.w.org\/{rel}","templated":true}]}}